{"id":272,"date":"2022-10-01T07:51:20","date_gmt":"2022-10-01T07:51:20","guid":{"rendered":"https:\/\/baduraoptik.de\/?page_id=272"},"modified":"2023-07-11T16:27:34","modified_gmt":"2023-07-11T16:27:34","slug":"impressum-2","status":"publish","type":"page","link":"https:\/\/baduraoptik.de\/?page_id=272","title":{"rendered":"Impressum"},"content":{"rendered":"<div id=\"pl-272\"  class=\"panel-layout\" ><div id=\"pg-272-0\"  class=\"panel-grid panel-no-style\" ><div id=\"pgc-272-0-0\"  class=\"panel-grid-cell\" ><div id=\"panel-272-0-0-0\" class=\"so-panel widget widget_text panel-first-child panel-last-child\" data-index=\"0\" ><h3 class=\"widget-title\">Impressum<\/h3>\t\t\t<div class=\"textwidget\"><p>Badura Optik GbR<br \/>\nVorderreihe 20<br \/>\nD-23570 Travem\u00fcnde<\/p>\n<p>Telefon: +49 (0) 4 52 3437<br \/>\nE-Mail: stefan@badura-optik.de<br \/>\nInternet: https:\/\/baduraoptik.de<br \/>\nRegistergericht: Amtsgericht L\u00fcbeck<br \/>\nVertretungsberechtigter: Stefan Badura<br \/>\nInhaltlich verantwortlich gem\u00e4\u00df \u00a7 10 Absatz 3 MDStV:<br \/>\nStefan Badura<\/p>\n<p>Design + Code: Stefan Badura<\/p>\n<\/div>\n\t\t<\/div><\/div><\/div><\/div>","protected":false},"excerpt":{"rendered":"<p>Badura Optik GbR Vorderreihe 20 D-23570 Travem\u00fcnde Telefon: +49 (0) 4 52 3437 E-Mail: stefan@badura-optik.de Internet: https:\/\/baduraoptik.de Registergericht: Amtsgericht L\u00fcbeck Vertretungsberechtigter: Stefan Badura Inhaltlich verantwortlich gem\u00e4\u00df \u00a7 10 Absatz 3 MDStV: Stefan Badura Design + Code: Stefan Badura<\/p>\n","protected":false},"author":1,"featured_media":0,"parent":0,"menu_order":0,"comment_status":"closed","ping_status":"closed","template":"","meta":{"footnotes":""},"class_list":["post-272","page","type-page","status-publish","hentry","post"],"_links":{"self":[{"href":"https:\/\/baduraoptik.de\/index.php?rest_route=\/wp\/v2\/pages\/272","targetHints":{"allow":["GET"]}}],"collection":[{"href":"https:\/\/baduraoptik.de\/index.php?rest_route=\/wp\/v2\/pages"}],"about":[{"href":"https:\/\/baduraoptik.de\/index.php?rest_route=\/wp\/v2\/types\/page"}],"author":[{"embeddable":true,"href":"https:\/\/baduraoptik.de\/index.php?rest_route=\/wp\/v2\/users\/1"}],"replies":[{"embeddable":true,"href":"https:\/\/baduraoptik.de\/index.php?rest_route=%2Fwp%2Fv2%2Fcomments&post=272"}],"version-history":[{"count":10,"href":"https:\/\/baduraoptik.de\/index.php?rest_route=\/wp\/v2\/pages\/272\/revisions"}],"predecessor-version":[{"id":307,"href":"https:\/\/baduraoptik.de\/index.php?rest_route=\/wp\/v2\/pages\/272\/revisions\/307"}],"wp:attachment":[{"href":"https:\/\/baduraoptik.de\/index.php?rest_route=%2Fwp%2Fv2%2Fmedia&parent=272"}],"curies":[{"name":"wp","href":"https:\/\/api.w.org\/{rel}","templated":true}]}}