{"id":261,"date":"2022-10-01T07:19:21","date_gmt":"2022-10-01T07:19:21","guid":{"rendered":"https:\/\/baduraoptik.de\/?page_id=261"},"modified":"2022-10-01T08:34:48","modified_gmt":"2022-10-01T08:34:48","slug":"impressum","status":"publish","type":"page","link":"https:\/\/baduraoptik.de\/?page_id=261","title":{"rendered":"Datenschutz"},"content":{"rendered":"<div id=\"pl-261\"  class=\"panel-layout\" ><div id=\"pg-261-0\"  class=\"panel-grid panel-no-style\" ><div id=\"pgc-261-0-0\"  class=\"panel-grid-cell\" ><div id=\"panel-261-0-0-0\" class=\"so-panel widget widget_text panel-first-child panel-last-child\" data-index=\"0\" ><h3 class=\"widget-title\">Haftung, Copyright und Datenschutz<\/h3>\t\t\t<div class=\"textwidget\"><h1>HAFTUNG<\/h1>\n<p>Durch den Zugriff auf unsere Web-Site stimmen Sie mit uns \u00fcberein, dass alle Belange bez\u00fcglich des Zugriffs und deren Verwendung ausschlie\u00dflich deutschem Recht unterliegen. Wir weisen Sie ausdr\u00fccklich darauf hin, dass die Nutzung unserer Web-Site auf Ihre eigene Gefahr erfolgt. Wir \u00fcbernehmen keinerlei Haftung f\u00fcr Sch\u00e4den, die aus unmittelbarer oder mittelbarer Nutzung bereitgestellter Informationen entstehen.<br \/>\nAusgeschlossen ist auch jegliche Haftung f\u00fcr entgangenen Gewinn, Betriebsunterbrechung, Verlust von Programmen und Programmteilen oder sonstigen Daten in Ihren Informationssystemen.<br \/>\nWir bem\u00fchen uns stets, ein aktuelles und fehlerfreies Angebot bereitzustellen, dennoch machen wir Sie darauf aufmerksam, dass wir jegliche Gew\u00e4hrleistung f\u00fcr Richtigkeit und Vollst\u00e4ndigkeit ausschlie\u00dfen. Wir sind nicht zur Aktualisierung der Inhalte verpflichtet, jedoch jederzeit dazu berechtigt, Inhalte ohne Hinweis zu \u00e4ndern oder zu entfernen.<\/p>\n<p>&nbsp;<\/p>\n<h1>COPYRIGHT<\/h1>\n<p>Die durch uns verwendeten Texte, Bilder und Grafiken sowie das Layout dieser Web-Site \u2013 auch ohne die explizite Copyright-Auszeichnung \u2013 unterliegen dem weltweiten Urheberrecht.<br \/>\nDie unerlaubte Verwendung, Reproduktion oder Weitergabe einzelner Inhalte oder kompletter Seiten ist strengstens untersagt und wird ggf. auch strafrechtlich verfolgt.<br \/>\nDies gilt ebenso f\u00fcr die unerlaubte Einbindung einzelner Inhalte oder kompletter Seiten auf Internetseiten anderer Betreiber ohne unsere ausdr\u00fcckliche Zustimmung.<\/p>\n<p>&nbsp;<\/p>\n<h1>DATENSCHUTZ<\/h1>\n<p>Als Betreiber dieser Website (www.ethletic.com) nehmen wir den Schutz Ihrer pers\u00f6nlichen Daten sehr ernst. Wir behandeln Ihre personenbezogenen Daten vertraulich und entsprechend der gesetzlichen Datenschutzvorschriften sowie dieser Datenschutzerkl\u00e4rung.<\/p>\n<p>Wenn Sie diese Website benutzen, werden verschiedene personenbezogene Daten erhoben. Personenbezogene Daten sind Daten, mit denen Sie pers\u00f6nlich identifiziert werden k\u00f6nnen. Die vorliegende Datenschutzerkl\u00e4rung erl\u00e4utert, welche Daten wir erheben und wof\u00fcr wir sie nutzen. Sie erl\u00e4utert auch, wie und zu welchem Zweck das geschieht.<\/p>\n<p>Wir weisen darauf hin, dass die Daten\u00fcbertragung im Internet (z.B. bei der Kommunikation per E-Mail) Sicherheitsl\u00fccken aufweisen kann. Ein l\u00fcckenloser Schutz der Daten vor dem Zugriff durch Dritte ist nicht m\u00f6glich.<\/p>\n<p>&nbsp;<\/p>\n<h2>1. HINWEIS ZUR VERANTWORTLICHEN<\/h2>\n<p>Verantwortlich f\u00fcr die Datenverarbeitung auf dieser Website ist:<\/p>\n<p>Badura Optik GbR<\/p>\n<p>Vorderreihe 20<br \/>\nD-23570 Lu\u0308beck<\/p>\n<p>Telefon: +49 (0) 452 \/ 3437<br \/>\nE-Mail: stefan@badura-optik.de<\/p>\n<p>Verantwortliche Stelle ist die nat\u00fcrliche oder juristische Person, die allein oder gemeinsam mit anderen \u00fcber die Zwecke und Mittel der Verarbeitung von personenbezogenen Daten (z.B. Namen, E-Mail-Adressen o. \u00c4.) entscheidet.<\/p>\n<p>&nbsp;<\/p>\n<h2>2. ERHEBUNG UND SPEICHERUNG PERSONENBEZOGENER DATEN SOWIE ART UND ZWECK VON DEREN VERWENDUNG<\/h2>\n<p>&nbsp;<\/p>\n<h4>A) BEIM BESUCH DER WEBSITE<\/h4>\n<p>Beim Aufrufen der Website www.ethletic.com werden durch den auf Ihrem Endger\u00e4t zum Einsatz kommenden Browser automatisch Informationen an den Server unserer Website gesendet. Diese Informationen werden tempor\u00e4r in einem sog. Logfile gespeichert. Folgende Informationen werden dabei ohne Ihr Zutun erfasst und bis zur automatisierten L\u00f6schung gespeichert:<\/p>\n<p>IP-Adresse des anfragenden Rechners,<br \/>\nDatum und Uhrzeit des Zugriffs,<br \/>\nName und URL der abgerufenen Datei,<br \/>\nWebsite, von der aus der Zugriff erfolgt (Referrer-URL),<br \/>\nverwendeter Browser und ggf. das Betriebssystem Ihres Rechners sowie der Name Ihres Access-Providers.<\/p>\n<p>Die genannten Daten werden zu folgenden Zwecken von uns verarbeitet:<\/p>\n<p>Gew\u00e4hrleistung eines reibungslosen Verbindungsaufbaus der Website,<br \/>\nGew\u00e4hrleistung einer komfortablen Nutzung meiner Website,<br \/>\nAuswertung der Systemsicherheit und Systemstabilit\u00e4t sowie<br \/>\nzu weiteren administrativen Zwecken.<\/p>\n<p>Die Rechtsgrundlage f\u00fcr die Datenverarbeitung ist Art. 6 Abs. 1 S.1 lit. f DSGVO. Unser berechtigtes Interesse folgt aus oben aufgelisteten Zwecken zur Datenerhebung. In keinem Fall verwenden wir die erhobenen Daten zu dem Zweck, R\u00fcckschl\u00fcsse auf Ihre Person zu ziehen.<\/p>\n<p>&nbsp;<\/p>\n<h4>B) BEI NUTZUNG DER MAILADRESSE ZUR KONTAKTAUFNAHME<\/h4>\n<p>Sie k\u00f6nnen mit uns \u00fcber die bereitgestellte E-Mail-Adresse Kontakt aufnehmen. In diesem Fall werden Ihre mit der E-Mail \u00fcbermittelten personenbezogenen Daten gespeichert. Zweck der Verarbeitung ist die Bearbeitung der Kontaktaufnahme.<\/p>\n<p>Rechtsgrundlage f\u00fcr die Verarbeitung der Daten, die im Zuge einer \u00dcbersendung einer E-Mail \u00fcbermittelt werden, ist Art. 6 Abs. 1 lit. a DSGVO. Zielt der E-Mail-Kontakt auf den Abschluss eines Vertrages ab, so ist zus\u00e4tzliche Rechtsgrundlage f\u00fcr die Verarbeitung Art. 6 Abs. 1 lit. b DSGVO. Im \u00dcbrigen ist Rechtsgrundlage f\u00fcr die Verarbeitung dieser Daten Art. 6 Abs. 1 lit. f) DSGVO, insbesondere f\u00fcr den Fall, dass uns die Daten von Ihnen durch \u00dcbersendung einer E-Mail \u00fcbermittelt werden.<\/p>\n<p>Personenbezogene Daten, die per E-Mail \u00fcbersandt wurden, werden gel\u00f6scht, wenn die jeweilige Konversation beendet ist, vorbehaltlich gesetzlicher Aufbewahrungsfristen. Beendet ist die Konversation dann, wenn sich aus den Umst\u00e4nden entnehmen l\u00e4sst, dass der betroffene Sachverhalt abschlie\u00dfend gekl\u00e4rt ist.<\/p>\n<p>Es erfolgt in diesem Zusammenhang keine Weitergabe der Daten an Dritte. Die Daten werden ausschlie\u00dflich f\u00fcr die Verarbeitung der Konversation verwendet.<\/p>\n<p>Sie haben jederzeit die M\u00f6glichkeit, Ihre Einwilligung zur Verarbeitung der personenbezogenen Daten zu widerrufen. Der Speicherung Ihrer personenbezogenen Daten k\u00f6nnen Sie jederzeit widersprechen. In einem solchen Fall kann die Konversation nicht fortgef\u00fchrt werden. M\u00f6chten Sie von Ihrem Widerrufs- oder Widerspruchsrecht Gebrauch machen, gen\u00fcgt eine E-Mail an: service@ethletic.com.<\/p>\n<p>&nbsp;<\/p>\n<h4>C) BEI NUTZUNG UNSERES WEBSHOPS<\/h4>\n<p>Wenn Sie in unserem Webshop bestellen m\u00f6chten, ist es f\u00fcr den Vertragsabschluss erforderlich, dass Sie Ihre pers\u00f6nlichen Daten angeben, die wir f\u00fcr die Abwicklung Ihrer Bestellung ben\u00f6tigen. F\u00fcr die Abwicklung der Vertr\u00e4ge notwendige Pflichtangaben sind gesondert markiert, weitere Angaben sind freiwillig. Die von Ihnen angegebenen Daten verarbeiten wir zur Abwicklung Ihrer Bestellung. Rechtsgrundlage hierf\u00fcr ist Art. 6 Abs. 1 S. 1 lit. b DSGVO.<\/p>\n<p>Sie k\u00f6nnen freiwillig ein Kundenkonto anlegen, durch das wir Ihre Daten f\u00fcr sp\u00e4tere weitere Eink\u00e4ufe speichern k\u00f6nnen. Bei Anlegung eines Accounts unter \u201eMein Konto\u201c werden die von Ihnen angegebenen Daten widerruflich gespeichert. Alle weiteren Daten, inklusive Ihres Nutzerkontos, k\u00f6nnen Sie im Kundenbereich stets l\u00f6schen.<\/p>\n<p>Wir k\u00f6nnen die von Ihnen angegebenen Daten zudem verarbeiten, um Sie \u00fcber weitere interessante Produkte aus unserem Portfolio zu informieren oder Ihnen E-Mails mit technischen Informationen zukommen lassen.<\/p>\n<p>Wir sind aufgrund handels- und steuerrechtlicher Vorgaben verpflichtet, Ihre Adress-, Zahlungs- und Bestelldaten f\u00fcr die Dauer von zehn Jahren zu speichern. Allerdings nehmen wir nach [zwei Jahren] eine Einschr\u00e4nkung der Verarbeitung vor, d.\u2009h. Ihre Daten werden nur zur Einhaltung der gesetzlichen Verpflichtungen eingesetzt.<\/p>\n<p>&nbsp;<\/p>\n<h2>3. WEITERGABE VON DATEN<\/h2>\n<p>Eine \u00dcbermittlung Ihrer pers\u00f6nlichen Daten an Dritte zu anderen als den im Folgenden aufgef\u00fchrten Zwecken findet nicht statt.<\/p>\n<p>Wir geben Ihre pers\u00f6nlichen Daten nur an Dritte weiter, wenn:<\/p>\n<p>Sie Ihre nach Art. 6 Abs. 1 S. 1 lit. a DSGVO ausdr\u00fcckliche Einwilligung dazu erteilt haben,<br \/>\ndie Weitergabe nach Art. 6 Abs. 1 S. 1 lit. f DSGVO zur Geltendmachung, Aus\u00fcbung oder Verteidigung von Rechtsanspr\u00fcchen erforderlich ist und kein Grund zur Annahme besteht, dass Sie ein \u00fcberwiegendes schutzw\u00fcrdiges Interesse an der Nichtweitergabe Ihrer Daten haben,<br \/>\nf\u00fcr den Fall, dass f\u00fcr die Weitergabe nach Art. 6 Abs. 1 S. 1 lit. c DSGVO eine gesetzliche Verpflichtung besteht, sowie<br \/>\ndies gesetzlich zul\u00e4ssig und nach Art. 6 Abs. 1 S. 1 lit. b DSGVO f\u00fcr die Abwicklung von Vertragsverh\u00e4ltnissen mit Ihnen erforderlich ist (Zahlungsdienstleister und Logistikunternehmen zur Abwicklung des Kaufvertrages).<\/p>\n<p>Sofern wir Dritte mit der Verarbeitung von Daten auf Grundlage eines sog. \u201eAuftragsverarbeitungsvertrages\u201c beauftragen, geschieht dies auf Grundlage des Art. 28 DSGVO.<\/p>\n<p>&nbsp;<\/p>\n<h2>4. ZAHLUNGSDIENSTLEISTER<\/h2>\n<p>Wir setzen folgende externe Zahlungsdienstleister ein, \u00fcber deren Plattformen die Nutzer und wir Zahlungstransaktionen vornehmen k\u00f6nnen:<\/p>\n<p>Paypal (<a href=\"https:\/\/www.paypal.com\/de\/webapps\/mpp\/ua\/privacy-full\">https:\/\/www.paypal.com\/de\/webapps\/mpp\/ua\/privacy-full<\/a>),<br \/>\nKlarna (<a href=\"https:\/\/www.klarna.com\/de\/datenschutz\/\">https:\/\/www.klarna.com\/de\/datenschutz\/<\/a>),<br \/>\nVisa (<a href=\"https:\/\/www.visa.de\/datenschutz\">https:\/\/www.visa.de\/datenschutz<\/a>),<br \/>\nMastercard (<a href=\"https:\/\/www.mastercard.de\/de-de\/datenschutz.html\">https:\/\/www.mastercard.de\/de-de\/datenschutz.html<\/a>),<br \/>\nAmerican Express (<a href=\"https:\/\/www.americanexpress.com\/de\/content\/privacy-policy-statement.html\">https:\/\/www.americanexpress.com\/de\/content\/privacy-policy-statement.html<\/a>).<\/p>\n<p>Im Rahmen der Erf\u00fcllung von Vertr\u00e4gen setzen wir die Zahlungsdienstleister auf Grundlage des Art. 6 Abs. 1 lit. b. DSGVO ein. Im \u00dcbrigen setzen wir externe Zahlungsdienstleister auf Grundlage unserer berechtigten Interessen gem. Art. 6 Abs. 1 lit. b. DSGVO ein, um unseren Nutzern effektive und sichere Zahlungsm\u00f6glichkeit zu bieten.<\/p>\n<p>Zu den, durch die Zahlungsdienstleister verarbeiteten Daten geh\u00f6ren Bestandsdaten, wie z.B. der Name und die Adresse, Bankdaten, wie z.B. Kontonummern oder Kreditkartennummern, Passw\u00f6rter, TANs und Pr\u00fcfsummen sowie die Vertrags-, Summen und empf\u00e4ngerbezogenen Angaben. Die Angaben sind erforderlich, um die Transaktionen durchzuf\u00fchren. Die eingegebenen Daten werden jedoch nur durch die Zahlungsdienstleister verarbeitet und bei diesen gespeichert. Wir erhalten keine konto- oder kreditkartenbezogenen Informationen, sondern lediglich Informationen mit Best\u00e4tigung oder Negativbeauskunftung der Zahlung. Unter Umst\u00e4nden werden die Daten seitens der Zahlungsdienstleister an Wirtschaftsauskunfteien \u00fcbermittelt. Diese \u00dcbermittlung bezweckt die Identit\u00e4ts- und Bonit\u00e4tspr\u00fcfung. Hierzu verweisen wir auf die AGB und Datenschutzhinweise der Zahlungsdienstleister.<\/p>\n<p>F\u00fcr die Zahlungsgesch\u00e4fte gelten die Gesch\u00e4ftsbedingungen und die Datenschutzhinweise der jeweiligen Zahlungsdienstleister, welche innerhalb der jeweiligen Webseiten, bzw. Transaktionsapplikationen abrufbar sind. Wir verweisen auf diese ebenfalls zwecks weiterer Informationen und Geltendmachung von Widerrufs-, Auskunfts- und anderen Betroffenenrechten.<\/p>\n<p>Im Fall einer Bestellung per Rechnung oder Lastschrift pr\u00fcfen wir auf Grund des berechtigten Interesses Ihre Bonit\u00e4t, um uns vor Zahlungsausf\u00e4llen zu sch\u00fctzen. Dabei werden sowohl Ihre Rechnungs- als auch eine ggf. abweichende Lieferanschrift \u00fcbermittelt, aber keine Daten \u00fcber den Inhalt Ihrer Bestellung. Die Informationen werden von uns f\u00fcr eine begrenzte Zeit gespeichert, um Ihnen ggf. Auskunft dar\u00fcber geben zu k\u00f6nnen und das Ergebnis f\u00fcr Ihre weiteren Eink\u00e4ufe zu verwenden. Die Verarbeitung von personenbezogenen Daten im Rahmen der Bonit\u00e4tspr\u00fcfung erfolgt auf Basis von Art. 6 Abs. 1 lit. b DSGVO. Dieser Erlaubnistatbestand gestattet die Verarbeitung von personenbezogenen Daten zu Zwecken der Erf\u00fcllung eines Vertrages.<\/p>\n<p>&nbsp;<\/p>\n<h2>5. NEWSLETTER<\/h2>\n<p>Mit Ihrer Einwilligung k\u00f6nnen Sie unseren Newsletter abonnieren, mit dem wir Sie \u00fcber unsere aktuellen Informationen zu unseren Leistungen, Produkten, unserem Unternehmen, interessanten Angebote und News informieren.<\/p>\n<p>F\u00fcr die Anmeldung zu unserem Newsletter verwenden wir das sog. Double-opt-in-Verfahren. Das hei\u00dft, dass wir Ihnen nach Ihrer Anmeldung eine E-Mail an die angegebene E-Mail-Adresse senden, in welcher wir Sie um Best\u00e4tigung bitten, dass Sie den Versand des Newsletters w\u00fcnschen. Erst wenn Sie diesen Best\u00e4tigungslink anklicken, wird Ihre E-Mail-Adresse in unseren Verteiler aufgenommen.Die Verarbeitung Ihrer elektronischen Kontaktdaten erfolgt an dieser Stelle allein auf Grundlage Ihrer Einwilligung (Art. 6 Abs. 1 lit. a DSGVO):<\/p>\n<p>Mit Ihrer Best\u00e4tigung willigen Sie ein, dass wir die zu Ihrem Kundenkonto gespeicherten Informationen (Kundenstammdaten, Kaufdaten) zum Zweck der Zusendung unseres Newsletters per E-Mail erheben. Diese Daten verwenden wir ausschlie\u00dflich f\u00fcr den Versand der angeforderten Informationen und geben diese nicht an Dritte weiter.<\/p>\n<p>Die erteilte Einwilligung k\u00f6nnen Sie jederzeit widerrufen, etwa \u00fcber den \u201eAustragen\u201c-Linkim Newsletter, per E-Mail an service@ethletic.comoder durch eine Nachricht an die unter Ziffer 1 oder im Impressum angegebenen Kontaktdaten. Die Rechtm\u00e4\u00dfigkeit der bereits erfolgten Datenverarbeitungsvorg\u00e4nge bleibt vom Widerruf unber\u00fchrt.<\/p>\n<p>Die von Ihnen zum Zwecke des Newsletter-Bezugs bei uns hinterlegten Daten werden von uns bis zu Ihrer Austragung aus dem Newsletter gespeichert und nach der Abbestellung des Newsletters gel\u00f6scht. Daten, die zu anderen Zwecken bei uns gespeichert wurden (z.B. E-Mail-Adressen f\u00fcr den Mitgliederbereich) bleiben hiervon unber\u00fchrt.<\/p>\n<p>&nbsp;<\/p>\n<h2>6. COOKIES<\/h2>\n<p>Die Internetseiten verwenden teilweise so genannte Cookies. Cookies richten auf Ihrem Rechner keinen Schaden an und enthalten keine Viren. Cookies dienen dazu, unser Angebot nutzerfreundlicher, effektiver und sicherer zu machen. Cookies sind kleine Textdateien, die auf Ihrem Rechner abgelegt werden und die Ihr Browser speichert.<\/p>\n<p>Die meisten der von uns verwendeten Cookies sind so genannte \u201cSession-Cookies\u201d. Sie werden nach Ende Ihres Besuchs automatisch gel\u00f6scht. Andere Cookies bleiben auf Ihrem Endger\u00e4t gespeichert bis Sie diese l\u00f6schen. Diese Cookies erm\u00f6glichen es uns, Ihren Browser beim n\u00e4chsten Besuch wiederzuerkennen.<\/p>\n<p>Die meisten Browser akzeptieren Cookies automatisch. Sie k\u00f6nnen Ihren Browser aber so einstellen, dass Sie \u00fcber das Setzen von Cookies informiert werden und Cookies nur im Einzelfall erlauben, die Annahme von Cookies f\u00fcr bestimmte F\u00e4lle oder generell ausschlie\u00dfen sowie das automatische L\u00f6schen der Cookies beim Schlie\u00dfen des Browser aktivieren. Bei der vollst\u00e4ndigen Deaktivierung von Cookies kann jedoch die Funktionalit\u00e4t dieser Website eingeschr\u00e4nkt sein.<\/p>\n<p>Die durch Cookies verarbeiteten Daten sind f\u00fcr die genannten Zwecke zur Wahrung unserer berechtigten Interessen sowie der Dritter nach Art. 6 Abs. 1 S. 1 lit. f DSGVO erforderlich.<\/p>\n<p>&nbsp;<\/p>\n<h2>7. EINSATZ VON SOCIAL-MEDIA-PLUG-INS<\/h2>\n<p>Wir setzen derzeit folgende Social-Media-Plug-ins ein: Facebook, Pinterest, YouTube und Instagram. Wir nutzen dabei die sog. Zwei-Klick-L\u00f6sung. Das hei\u00dft, wenn Sie unsere Seite besuchen, werden zun\u00e4chst grunds\u00e4tzlich keine personenbezogenen Daten an die Anbieter der Plug-ins weitergegeben. Den Anbieter des Plug-ins erkennen Sie \u00fcber die Markierung auf dem Kasten \u00fcber seinen Anfangsbuchstaben oder das Logo. Wir er\u00f6ffnen Ihnen die M\u00f6glichkeit, \u00fcber den Button direkt mit dem Anbieter des Plug-ins zu kommunizieren. Nur wenn Sie auf das markierte Feld klicken und es dadurch aktivieren, erh\u00e4lt der Plug-in-Anbieter die Information, dass Sie die entsprechende Website unseres Online-Angebots aufgerufen haben. Zudem werden die unter Ziff. 2 a) dieser Erkl\u00e4rung genannten Daten \u00fcbermittelt. Im Fall von Facebook wird nach Angaben der jeweiligen Anbieter in Deutschland die IP-Adresse sofort nach Erhebung anonymisiert. Durch die Aktivierung des Plug-ins werden also personenbezogene Daten von Ihnen an den jeweiligen Plug-in-Anbieter \u00fcbermittelt und dort (bei US-amerikanischen Anbietern in den USA) gespeichert. Da der Plug-in-Anbieter die Datenerhebung insbesondere \u00fcber Cookies vornimmt, empfehlen wir Ihnen, vor dem Klick auf den ausgegrauten Kasten \u00fcber die Sicherheitseinstellungen Ihres Browsers alle Cookies zu l\u00f6schen.<\/p>\n<p>Wir haben weder Einfluss auf die erhobenen Daten und Datenverarbeitungsvorg\u00e4nge, noch sind uns der volle Umfang der Datenerhebung, die Zwecke der Verarbeitung, die Speicherfristen bekannt. Auch zur L\u00f6schung der erhobenen Daten durch den Plug-in-Anbieter liegen uns keine Informationen vor<\/p>\n<p>Der Plug-in-Anbieter speichert die \u00fcber Sie erhobenen Daten als Nutzungsprofile und nutzt diese f\u00fcr Zwecke der Werbung, Marktforschung und\/oder bedarfsgerechten Gestaltung seiner Website. Eine solche Auswertung erfolgt insbesondere (auch f\u00fcr nicht eingeloggte Nutzer) zur Darstellung von bedarfsgerechter Werbung und um andere Nutzer des sozialen Netzwerks \u00fcber Ihre Aktivit\u00e4ten auf unserer Website zu informieren. Ihnen steht ein Widerspruchsrecht gegen die Bildung dieser Nutzerprofile zu, wobei Sie sich zur Aus\u00fcbung dessen an den jeweiligen Plug-in-Anbieter wenden m\u00fcssen. \u00dcber die Plug-ins bieten wir Ihnen die M\u00f6glichkeit, mit den sozialen Netzwerken und anderen Nutzern zu interagieren, so dass wir unser Angebot verbessern und f\u00fcr Sie als Nutzer interessanter ausgestalten k\u00f6nnen. Rechtsgrundlage f\u00fcr die Nutzung der Plug-ins ist Art. 6 Abs. 1 S. 1 lit. f DS-GVO.<\/p>\n<p>Die Datenweitergabe erfolgt unabh\u00e4ngig davon, ob Sie ein Konto bei dem Plug-in-Anbieter besitzen und dort eingeloggt sind. Wenn Sie bei dem Plug-in-Anbieter eingeloggt sind, werden Ihre bei uns erhobenen Daten direkt Ihrem beim Plug-in-Anbieter bestehenden Konto zugeordnet. Wenn Sie den aktivierten Button bet\u00e4tigen und z.\u2009B. die Seite verlinken, speichert der Plug-in-Anbieter auch diese Information in Ihrem Nutzerkonto und teilt sie Ihren Kontakten \u00f6ffentlich mit. Wir empfehlen Ihnen, sich nach Nutzung eines sozialen Netzwerks regelm\u00e4\u00dfig auszuloggen, insbesondere jedoch vor Aktivierung des Buttons, da Sie so eine Zuordnung zu Ihrem Profil bei dem Plug-in-Anbieter vermeiden k\u00f6nnen.<\/p>\n<p>Weitere Informationen zu Zweck und Umfang der Datenerhebung und ihrer Verarbeitung durch den Plug-in-Anbieter erhalten Sie in den im Folgenden mitgeteilten Datenschutzerkl\u00e4rungen dieser Anbieter. Dort erhalten Sie auch weitere Informationen zu Ihren diesbez\u00fcglichen Rechten und Einstellungsm\u00f6glichkeiten zum Schutze Ihrer Privatsph\u00e4re.<\/p>\n<p>Adressen der jeweiligen Plug-in-Anbieter und URL mit deren Datenschutzhinweisen:<\/p>\n<p>Facebook Inc., 1601 S California Ave, Palo Alto, California 94304, USA; <a href=\"http:\/\/www.facebook.com\/policy.php\">http:\/\/www.facebook.com\/policy.php<\/a>; weitere Informationen zur Datenerhebung: <a href=\"http:\/\/www.facebook.com\/help\/186325668085084\">http:\/\/www.facebook.com\/help\/186325668085084<\/a>, <a href=\"http:\/\/www.facebook.com\/about\/privacy\/your-info-on-other#applications\">http:\/\/www.facebook.com\/about\/privacy\/your-info-on-other#applications<\/a> sowie <a href=\"http:\/\/www.facebook.com\/about\/privacy\/your-info#everyoneinfo\">http:\/\/www.facebook.com\/about\/privacy\/your-info#everyoneinfo<\/a>.<br \/>\nPinterest Inc., 808 Brannan Street San Francisco, CA 94103-490, USA; https:\/\/about.pinterest.com\/de\/privacy-policy.<br \/>\nYouTube, Google LLC, 1600 Amphitheatre Parkway, Mountain View, CA 94043, USA; https:\/\/policies.google.com\/privacy.<br \/>\nInstagram Inc., 1601 Willow Road, Menlo Park, CA 94025, USA; Instagram Inc. geh\u00f6rt zu<\/p>\n<p>Facebool Inc., Google LLC undPinterest Inc. haben sich dem EU-US-Privacy-Shield unterworfen haben, <a href=\"https:\/\/www.privacyshield.gov\/EU-US-Framework\">https:\/\/www.privacyshield.gov\/EU-US-Framework<\/a>.<\/p>\n<p>&nbsp;<\/p>\n<h2>8. BETROFFENENRECHT<\/h2>\n<p>Als betroffene Person haben Sie das Recht, uns gegen\u00fcber Ihre Betroffenenrechte geltend zu machen. Dabei haben Sie insbesondere die folgenden Rechte:<\/p>\n<p>Sie haben nach Ma\u00dfgabe des Art.15 DSGVO und \u00a7 34 BDSG das Recht, Auskunftdar\u00fcber zu verlangen, ob und gegebenenfalls in welchen Umfang wir personenbezogene Daten zu Ihrer Person verarbeiten oder nicht.<br \/>\nSie haben das Recht, nach Ma\u00dfgabe des Art. 16 DSGVO von uns die BerichtigungIhrer Daten zu verlangen.<br \/>\nSie haben das Recht, nach Ma\u00dfgabe des Art. 17 DSGVO und \u00a7 35 BDSG von uns die L\u00f6schungIhrer personenbezogenen Daten zu verlangen.<br \/>\nSie haben das Recht, nach Ma\u00dfgabe des Art. 18 DSGVO die Verarbeitung Ihrer personenbezogenen Daten einschr\u00e4nkenzu lassen.<br \/>\nSie haben das Recht, nach Ma\u00dfgabe des Art. 20 DSGVO die Sie betreffenden personenbezogenen Daten, die Sie uns bereitgestellt haben, in einem strukturierten, g\u00e4ngigen und maschinenlesbaren Format zu erhalten, und diese Daten einem anderen Verantwortlichen zu \u00fcbermitteln.<\/p>\n<p>Sie haben nach Ma\u00dfgabe des Art. 21 Abs. 1 DSGVO das Recht, gegen jede Verarbeitung, die auf der Rechtsgrundlage des Art. 6 Abs. 1 Buchst. e) oder f) DSGVO beruht, Widersprucheinzulegen. Sofern durch uns personenbezogene Daten \u00fcber Sie zum Zweck der Direktwerbung verarbeitet werden, k\u00f6nnen Sie gegen diese Verarbeitung gem. Art. 21 Abs. 2 und Abs. 3 DSGVO Widerspruch einlegen.<\/p>\n<p>Sofern Sie uns eine gesonderte Einwilligung in die Datenverarbeitung erteilt haben, k\u00f6nnen Sie diese Einwilligung nach Ma\u00dfgabe des Art. 7 Abs. 3 DSGVO jederzeit widerrufen. Durch einen solchen Widerrufwird die Rechtm\u00e4\u00dfigkeit der Verarbeitung, die bis zum Widerruf aufgrund der Einwilligung erfolgt ist, nicht ber\u00fchrt.<\/p>\n<p>Der Widerruf\/Widerspruch kann per E-Mail an service@ethletic.com gerichtet werden oder an die oben genannte Postanschrift.<\/p>\n<p>Gem\u00e4\u00df Art. 77 DSGVO haben Sie zudem das Recht sich bei einer Aufsichtsbeh\u00f6rde zu beschweren. In der Regel k\u00f6nnen Sie sich hierf\u00fcr an die Aufsichtsbeh\u00f6rde Ihres \u00fcblichen Aufenthaltsortes oder Arbeitsplatzes oder unseres Firmensitzes wenden.<\/p>\n<p>&nbsp;<\/p>\n<h2>9. DATENSICHERHEIT<\/h2>\n<p>Wir verwenden innerhalb des Website-Besuchs das verbreitete SSL-Verfahren (Secure Socket Layer) in Verbindung mit der jeweils h\u00f6chsten Verschl\u00fcsselungsstufe, die von Ihrem Browser unterst\u00fctzt wird. In der Regel handelt es sich dabei um eine 256 Bit Verschl\u00fcsselung. Falls Ihr Browser keine 256-Bit Verschl\u00fcsselung unterst\u00fctzt, greifen wir stattdessen auf 128-Bit v3 Technologie zur\u00fcck. Ob eine einzelne Seite unseres Internetauftrittes verschl\u00fcsselt \u00fcbertragen wird, erkennen Sie an der geschlossenen Darstellung des Sch\u00fcssel- beziehungsweise Schloss-Symbols in der unteren Statusleiste Ihres Browsers.<\/p>\n<p>Wir bedienen uns im \u00dcbrigen geeigneter technischer und organisatorischer Sicherheitsma\u00dfnahmen, um Ihre Daten gegen zuf\u00e4llige oder vors\u00e4tzliche Manipulationen, teilweisen oder vollst\u00e4ndigen Verlust, Zerst\u00f6rung oder gegen den unbefugten Zugriff Dritter zu sch\u00fctzen. Unsere Sicherheitsma\u00dfnahmen werden entsprechend der technologischen Entwicklung fortlaufend verbessert.<br \/>\n10. Aktualit\u00e4t und \u00c4nderung dieser Datenschutzerkl\u00e4rung<\/p>\n<p>Diese Datenschutzerkl\u00e4rung ist aktuell g\u00fcltig und hat den Stand Februar 2019.<\/p>\n<p>Durch die Weiterentwicklung unserer Website und Angebote dar\u00fcber oder aufgrund ge\u00e4nderter gesetzlicher beziehungsweise beh\u00f6rdlicher Vorgaben kann es notwendig werden, diese Datenschutzerkl\u00e4rung zu \u00e4ndern. Die jeweils aktuelle Datenschutzerkl\u00e4rung kann jederzeit auf der Website unter \u201eDatenschutz\u201c von Ihnen abgerufen und ausgedruckt werden.<\/p>\n<\/div>\n\t\t<\/div><\/div><\/div><\/div>","protected":false},"excerpt":{"rendered":"<p>HAFTUNG Durch den Zugriff auf unsere Web-Site stimmen Sie mit uns \u00fcberein, dass alle Belange bez\u00fcglich des Zugriffs und deren Verwendung ausschlie\u00dflich deutschem Recht unterliegen. Wir weisen Sie ausdr\u00fccklich darauf hin, dass die Nutzung unserer Web-Site auf Ihre eigene Gefahr erfolgt. Wir \u00fcbernehmen keinerlei Haftung f\u00fcr Sch\u00e4den, die aus unmittelbarer oder mittelbarer Nutzung bereitgestellter Informationen [&hellip;]<\/p>\n","protected":false},"author":1,"featured_media":0,"parent":0,"menu_order":0,"comment_status":"closed","ping_status":"closed","template":"","meta":{"footnotes":""},"class_list":["post-261","page","type-page","status-publish","hentry","post"],"_links":{"self":[{"href":"https:\/\/baduraoptik.de\/index.php?rest_route=\/wp\/v2\/pages\/261","targetHints":{"allow":["GET"]}}],"collection":[{"href":"https:\/\/baduraoptik.de\/index.php?rest_route=\/wp\/v2\/pages"}],"about":[{"href":"https:\/\/baduraoptik.de\/index.php?rest_route=\/wp\/v2\/types\/page"}],"author":[{"embeddable":true,"href":"https:\/\/baduraoptik.de\/index.php?rest_route=\/wp\/v2\/users\/1"}],"replies":[{"embeddable":true,"href":"https:\/\/baduraoptik.de\/index.php?rest_route=%2Fwp%2Fv2%2Fcomments&post=261"}],"version-history":[{"count":10,"href":"https:\/\/baduraoptik.de\/index.php?rest_route=\/wp\/v2\/pages\/261\/revisions"}],"predecessor-version":[{"id":290,"href":"https:\/\/baduraoptik.de\/index.php?rest_route=\/wp\/v2\/pages\/261\/revisions\/290"}],"wp:attachment":[{"href":"https:\/\/baduraoptik.de\/index.php?rest_route=%2Fwp%2Fv2%2Fmedia&parent=261"}],"curies":[{"name":"wp","href":"https:\/\/api.w.org\/{rel}","templated":true}]}}